3). Let o be x/88 + 79/(-11). Is b(o) composite?
False
Suppose 9*l = -2100 + 9462. Is l prime?
False
Let z(v) = -12*v**3 - 12*v**2 + v - 26. Is z(-11) composite?
True
Suppose -3 = 5*g - 23. Suppose 3*w + g*x = 18, 0*x + 17 = 4*w + 3*x. Suppose w*o = 5*o - 195. Is o composite?
True
Let l(i) = -i**2 - 7*i + 3. Suppose -4*j - 5*t = 4 + 24, t = -2*j - 14. Let h be l(j). Let d(r) = 57*r**2 - 3*r - 3. Is d(h) composite?
True
Let i be (-2)/9 - (-1600)/72. Let w(u) = -4 + 7*u**3 - 24*u**2 - 2*u + i*u**2 + 2*u**3. Is w(5) prime?
True
Suppose -7*w + 2388 = 617. Suppose 0 = 2*p + w - 2751. Is p composite?
False
Suppose 0 = 4*s + 5*g - 25, -s + 4*g - 4 - 16 = 0. Suppose -4*q - y + 1228 = s, -343 = -3*q + 3*y + 578. Is q prime?
True
Let h(m) = 550*m**2 - 9*m - 21. Is h(-10) a composite number?
True
Suppose 2*t - 5*n = -9, t + 3 + 9 = 5*n. Let c(z) = 5*z**3 - 3*z**2 + 4*z + 1. Is c(t) a prime number?
False
Is (37*818/8)/(356/1424) a composite number?
True
Suppose -5*h - 4*a - 30 = 0, -2*h + 1 = -0*h - a. Let q(d) = 2*d - 3 + 2*d**3 - 5*d**3 + 2. Is q(h) a prime number?
True
Let l be 7 - 10 - 861/(-1). Suppose -2*a - 3*a = -20, -2*u = 5*a - l. Is u a prime number?
True
Let w = 5 + -10. Let r(i) = i**2 + 7*i + 3. Let c be r(w). Let z(b) = -2*b**3 - 5*b**2 + 7*b - 1. Is z(c) a composite number?
True
Let v = 101 + -52. Suppose -5*o + v = 24. Suppose -o*c + 6544 = 5*l + 1044, -2 = -2*c. Is l composite?
True
Is (0 - 0 - (-1845 - 2))/1 prime?
True
Suppose 34*s - 39*s = 3*b - 48942, 3*b = -4*s + 48945. Is b a prime number?
True
Let b(f) = -9*f + 6. Let y be b(2). Is (-121)/(4/y*3) a prime number?
False
Let b(k) = -2 + 6 + 73*k + 7 - 391*k. Is b(-1) prime?
False
Let o(l) = 58*l**2 - 2*l + 1. Let b be o(-1). Suppose 3603 = 64*c - b*c. Is c composite?
False
Suppose -5*i = -51*i + 233542. Is i a composite number?
False
Suppose -19 + 4 = -5*y. Let m(q) = -2*q + 7*q + y + 32*q**2 - 27*q**2. Is m(-7) prime?
False
Let s(w) = -5362*w - 89. Is s(-6) composite?
False
Suppose -4*p - 4*y = y - 17473, 0 = -5*y + 5. Is p prime?
False
Suppose -3*m - 278 - 302 = -2*n, -4*n + 5*m + 1162 = 0. Is n composite?
False
Let j(f) = -f**2 + f - 3. Let k be j(2). Let o(q) = -22*q**3 - 5*q**2 - 9*q - 13. Is o(k) prime?
True
Let b be 12 + -9 - (-8)/2. Suppose -9*u = -b*u - 4. Is u/((-12027)/4011 + 3) a prime number?
False
Suppose -4*n + 51926 = 5*f, 57526 = 4*n - 2*f + 5614. Is n a prime number?
True
Suppose -3*x + 25 = -4*j + 2*j, -j + 20 = 5*x. Is (-338)/(-16) - -2*x/(-80) a composite number?
True
Let m = -171 + 349. Is m composite?
True
Let l(u) = -4*u**3 + 443 + 2*u**2 + 7*u**2 + 3*u**3 - 436 + 10*u. Is l(9) a prime number?
True
Let y = 5 + -7. Is y/1*(-2)/((-12)/(-549)) a prime number?
False
Let z(m) = 9*m**2 - 3*m - 7. Let d = -26 + 23. Is z(d) a composite number?
False
Let a(x) = 4*x - 7. Let h(r) = 3*r - 7. Let s(g) = 2*a(g) - 3*h(g). Let j be s(4). Suppose 5*i + 108 = 3*m, -i - 66 = -j*m + 30. Is m prime?
True
Let u = 38150 + -21399. Is u prime?
False
Suppose -9*m - 10 = -4*m. Let x be (4220/12)/(m/(-6)). Suppose 0 = 8*p - 13*p + x. Is p prime?
True
Let c(s) be the third derivative of 2*s**2 + 3/40*s**6 + 0 + 1/6*s**3 + 0*s**4 + 0*s - 1/30*s**5. Is c(2) prime?
False
Let s = -38 - -31. Let p(b) = 10*b**3 + 33*b**2 + 26*b - 5. Let w(x) = 7*x**3 + 22*x**2 + 17*x - 3. Let t(a) = s*w(a) + 5*p(a). Is t(-5) a prime number?
False
Let l(n) = n**2 - 11*n + 11. Let v(k) = 2*k - 8. Let g be v(6). Suppose d + g*q - 29 = 0, -3*d + 6 + 21 = -3*q. Is l(d) a composite number?
False
Let l(m) = m**2 - m - 717. Let d be l(0). Let r = -410 - d. Is r prime?
True
Let j = 31 - 29. Suppose -j*p + v + 1747 = 0, -p - 5*v - 1767 = -3*p. Is p composite?
True
Suppose -j + 9 = x, 4*j + 0*j - 18 = 2*x. Let g(m) = 50*m + 7. Is g(j) composite?
False
Let b(a) = 2*a**2 + 3*a. Let g be b(-2). Suppose -g*v + 3*v - 34 = 0. Is (-1)/4*-4 + v composite?
True
Let f be (0 - 0)*(8 - 7). Suppose 4*w - 24 = -b + 2, f = 3*w + 5*b - 28. Is 45/w*(-26)/(-3) a composite number?
True
Let x(v) = v + 2. Let u be x(2). Let s = 14 + -14. Is u*(s + (-3)/(-6)) a composite number?
False
Let x be (200/10)/((-6)/639). Suppose 5*c = 4*c - 20. Is (-2)/4 + x/c composite?
True
Let t be 3/(-9) - (-1992)/9. Let c = 390 - t. Is c a composite number?
True
Let k = 10916 + -1913. Is k a composite number?
True
Let w(u) = -u - 10. Let y be w(-12). Let t(c) = 83*c**y + c + 1 - 17*c**2 - 2*c. Is t(-2) a prime number?
False
Suppose -2*s = r - 5624, -3*s + 0*s + 8436 = -r. Let y = -1269 + s. Is y prime?
True
Let q = 320 - -1117. Is q composite?
True
Let o = -1258 - -1701. Is o a composite number?
False
Let z(w) = 12*w**2 - 5*w - 5. Let a = -28 - -26. Is z(a) composite?
False
Let r(o) = o + 11*o - 12 + o + 4*o. Is r(13) composite?
True
Let u(f) be the third derivative of 1/3*f**3 + 0*f + 3/8*f**4 + 5*f**2 + 0. Is u(8) composite?
True
Let u(l) = l**3 - 22*l**2 + 20*l + 21. Let h be u(21). Suppose 586 = -h*y + y. Is y composite?
True
Suppose 0 = -v - 4*t + 1542, -4*v = v - t - 7605. Let d = v - -111. Is d a composite number?
True
Suppose 45 + 31 = -4*q. Let i = q - -24. Suppose i*s - 49 = -4*l, 3*l + 4*s + s = 38. Is l prime?
True
Let j = 5226 - 2267. Is j composite?
True
Let s(p) = 256*p + 5. Let h(m) = -3*m - 18. Let f be h(-11). Is s(f) a prime number?
False
Let i(x) = x**2 - 4*x - 9. Let t be i(5). Let u(s) = 17*s**2 - 2*s + 15. Is u(t) composite?
True
Let z(i) be the second derivative of i**3/2 - 11*i**2/2 - 8*i. Let u be z(9). Suppose 14*h - u*h + 474 = 0. Is h prime?
False
Suppose l - 248 = -3*l. Suppose 4*z - l + 2 = 0. Is z composite?
True
Let h(p) = p**3 - 8*p**2 + 7*p + 10. Let c be h(7). Is (4/c)/(2/5450) + -3 a composite number?
False
Suppose -3*q = -3*u + 7503, -q = 3*u - 6*u + 7507. Is u a composite number?
False
Let r(v) = 166*v - 8. Is r(1) a prime number?
False
Let v = -10004 + 5702. Let m = v + 6119. Is m a prime number?
False
Let n(q) = -1555*q**3 - 3*q**2 - 5*q - 23. Is n(-4) prime?
True
Let y(j) = -4285*j - 29. Is y(-10) a prime number?
True
Suppose 9*i + 14 = -274. Let r be 9/(2 + 1) + 80. Let o = r - i. Is o a prime number?
False
Let z be ((-4)/6)/((-4)/(-18)). Let u be 35/20 - z/12. Suppose u*y = -4*j + 5*y + 521, -5*y = -j + 109. Is j a prime number?
False
Suppose 0 = 47*i - 39*i - 29656. Is i composite?
True
Suppose u + 17 = 2*u. Let g = -13 + u. Suppose -r - 264 = -3*f, 3*f - 3*r + g*r = 270. Is f prime?
True
Suppose -5987 + 89700 = 7*u. Is u prime?
True
Let p(c) = 149*c - 11 + 7 - 1. Is p(2) composite?
False
Let h(k) = 2*k - 8. Let x be h(4). Suppose x = -12*m + 5*m + 4879. Is m a prime number?
False
Suppose -24 = r - 5*j, -5*r - 14 = -4*j + 1. Is ((-42)/6)/(r*(-2)/178) a prime number?
False
Suppose -3*q - 3*c + 27 = 0, -2*c + 12 = c. Suppose -q*t = -2*t, -4*v + 2328 = 3*t. Let o = 67 + v. Is o a composite number?
True
Let w(l) = 55*l**2 - 4*l - 2. Let p(z) = -z**2 + 3*z + 3. Let n be p(3). Is w(n) a prime number?
False
Let j = -7 + 12. Let u = -193 + 199. Let v = u + j. Is v a composite number?
False
Suppose -b + 6*k = 3*k + 26, 0 = -3*b + 5*k - 58. Let l = b - -12. Let s(u) = 95*u**3 - 2*u**2 + 1. Is s(l) composite?
True
Suppose -b - 4*w = -2*w + 6670, 0 = -2*w - 2. Suppose -z - 180 = 4*z. Is b/z + 4/(-18) a composite number?
True
Let t(g) be the second derivative of 25/6*g**3 + 5*g + 0 - 21/2*g**2. Is t(11) prime?
False
Suppose 1177 + 1867 = 4*c. Suppose -u - c = -4*v, -v - 3*v = -2*u - 758. Is v composite?
False
Let d = -1 - 0. Let k be (d + -155)*27/(-36). Suppose -f = -68 - k. Is f a composite number?
True
Suppose 2 = -6*g - 4. Is (-164)/(1/(-1)) + g prime?
True
Let x = -48474 + 74374. Is (x/15 - 1) + (-8)/(-6) a composite number?
True
Let r(x) = x**3 - 12*x**2 - 36*x + 10. Is r(19) a prime number?
False
Suppose 4*w + 0*v - 1808 = -3*v, -v - 894 = -2*w. Is w composite?
False
Let n = 6616 - 1359. Is n a composite number?
True
Let g(w) = w**3 - 12*w**2 - 3*w + 26. Let m be g(12). Let c(f) = -23*f - 17. Is c(m) a composite number?
True
Suppose 2*m - 825 = 549. Suppose -11*d + 10961 - m = 0. Is d composite?
True
Let y(v) = -v**3 - 2*v**2 - 22*v + 12. Is y(-17) composite?
False
Suppose -3*r + 71010 = k, k - 2*r - 89126 + 18121 = 0. Is k composite?
True
Let y = 10 + -8. Suppose -y*f - 3822 = -i - 3*i, 0 = i - 4*f - 959. Suppose 0 =